8515.
5, 7559, 28817
What are the prime factors of 88030113?
3, 29343371
What are the prime factors of 40505272?
2, 109, 46451
What are the prime factors of 121857618?
2, 3, 113, 191, 941
What are the prime factors of 1918929852?
2, 3, 7, 19, 44531
List the prime factors of 7338120831.
3, 271782253
What are the prime factors of 503635158?
2, 3, 13, 89, 2687
What are the prime factors of 87676021?
17, 1901, 2713
What are the prime factors of 798285184?
2, 17, 366859
What are the prime factors of 69460155?
3, 5, 1543559
List the prime factors of 2842333102.
2, 7, 4561, 6359
List the prime factors of 83713553.
7, 11, 53, 73, 281
What are the prime factors of 2676476013?
3, 853, 1045907
What are the prime factors of 60848036?
2, 277, 54917
List the prime factors of 453051780.
2, 3, 5, 7550863
List the prime factors of 412448663.
11, 83, 211, 2141
What are the prime factors of 2965407000?
2, 3, 5, 41, 24109
What are the prime factors of 708781176?
2, 3, 37, 266059
What are the prime factors of 52651982?
2, 26325991
What are the prime factors of 739838188?
2, 19, 31, 241, 1303
What are the prime factors of 2410136016?
2, 3, 19, 2642693
List the prime factors of 13005267.
3, 11, 394099
List the prime factors of 91469827.
23, 3976949
List the prime factors of 34851083.
227, 153529
What are the prime factors of 88947953?
88947953
List the prime factors of 178761846.
2, 3, 331, 90011
What are the prime factors of 496936427?
13, 53, 721243
What are the prime factors of 172022420?
2, 5, 8601121
What are the prime factors of 9731702542?
2, 4865851271
What are the prime factors of 62921250?
2, 3, 5, 7, 17, 47
List the prime factors of 168812645.
5, 33762529
List the prime factors of 7772966711.
11443, 679277
List the prime factors of 10653782.
2, 79, 67429
List the prime factors of 39225518.
2, 1579, 12421
What are the prime factors of 1348668209?
7, 27523841
List the prime factors of 120087691.
43, 2792737
What are the prime factors of 135988786?
2, 1091, 62323
What are the prime factors of 32792974?
2, 19, 862973
What are the prime factors of 691998420?
2, 3, 5, 37, 311711
List the prime factors of 68059665.
3, 5, 29, 52153
What are the prime factors of 513838887?
3, 171279629
What are the prime factors of 147656809?
19, 7771411
List the prime factors of 263793648.
2, 3, 43, 127807
List the prime factors of 476859812.
2, 11, 13, 151, 5521
What are the prime factors of 1783941805?
5, 3343, 106727
What are the prime factors of 2369780000?
2, 5, 7, 16927
What are the prime factors of 317468202?
2, 3, 3221, 16427
List the prime factors of 15561163.
31, 223, 2251
What are the prime factors of 332410255?
5, 66482051
What are the prime factors of 652670221?
7, 93238603
List the prime factors of 2084588533.
1747, 1193239
List the prime factors of 56241447.
3, 107, 241, 727
What are the prime factors of 1019317458?
2, 3, 103, 1649381
List the prime factors of 7351968498.
2, 3, 7, 5813, 30113
What are the prime factors of 283867347?
3, 197, 480317
List the prime factors of 1738676273.
8461, 205493
List the prime factors of 947785533.
3, 315928511
List the prime factors of 229156895.
5, 11, 53, 127, 619
What are the prime factors of 277782797?
59, 4708183
What are the prime factors of 223785431?
29, 349, 22111
List the prime factors of 3375209391.
3, 107, 577, 18223
What are the prime factors of 137016613?
137016613
What are the prime factors of 2333361595?
5, 19, 347, 70783
List the prime factors of 48463805.
5, 13, 487, 1531
List the prime factors of 1883965401.
3, 53, 74521
List the prime factors of 191150033.
23, 8310871
What are the prime factors of 42165242?
2, 7, 3011803
List the prime factors of 164659609.
164659609
What are the prime factors of 37654867?
37654867
List the prime factors of 196422636.
2, 3, 41, 71, 5623
List the prime factors of 34702809.
3, 157, 73679
List the prime factors of 342742420.
2, 5, 17137121
What are the prime factors of 100571963?
47, 2139829
List the prime factors of 1198565454.
2, 3, 61, 307, 10667
List the prime factors of 6703601951.
6703601951
What are the prime factors of 177200203?
12907, 13729
What are the prime factors of 341032374?
2, 3, 661, 28663
What are the prime factors of 318205933?
47, 1877, 3607
What are the prime factors of 89933543?
7, 1061, 12109
What are the prime factors of 56689348?
2, 1129, 12553
List the prime factors of 379749197.
719, 528163
What are the prime factors of 3272055170?
2, 5, 19, 53, 324931
What are the prime factors of 57845594?
2, 17, 347, 4903
List the prime factors of 513038707.
37, 13865911
List the prime factors of 127263894.
2, 3, 21210649
What are the prime factors of 138179931?
3, 46059977
What are the prime factors of 1357963668?
2, 3, 19, 47, 53, 797
What are the prime factors of 2228566943?
19, 37, 1489, 2129
List the prime factors of 155916695.
5, 11, 2834849
List the prime factors of 1012023848.
2, 11, 283, 40637
What are the prime factors of 2111896215?
3, 5, 11, 13, 257, 1277
List the prime factors of 547772051.
1237, 442823
List the prime factors of 44604993.
3, 14868331
What are the prime factors of 1435860893?
1435860893
List the prime factors of 21854940.
2, 3, 5, 19, 1009
List the prime factors of 1046537984.
2, 4088039
List the prime factors of 26585041.
7, 3797863
List the prime factors of 27713890.
2, 5, 2771389
What are the prime factors of 60710521?
1009, 60169
List the prime factors of 1350670033.
43, 2239, 14029
What are the prime factors of 4723976423?
59, 3917, 20441
What are the prime factors of 4694467701?
3, 7, 11, 20322371
What are the prime factors of 242044227?
3, 8964601
List the prime factors of 126525527.
126525527
What are the prime factors of 2276727299?
7, 11, 3307, 8941
List the prime factors of 277330614.
2, 3, 11, 37, 113567
List the prime factors of 643530454.
2, 7, 3137, 14653
What are the prime factors of 27253232?
2, 47, 36241
List the prime factors of 166956133.
17, 283, 34703
List the prime factors of 27879169.
67, 416107
What are the prime factors of 38247862?
2, 31, 37, 16673
What are the prime factors of 80203531?
29, 37, 74747
List the prime factors of 1354312.
2, 41, 4129
List the prime factors of 914941982.
2, 457470991
What are the prime factors of 174017312?
2, 7, 47, 16529
What are the prime factors of 58631834?
2, 19, 67, 23029
List the prime factors of 73755060.
2, 3, 5, 37, 33223
List the prime factors of 139258890.
2, 3, 5, 1193, 1297
List the prime factors of 10437770.
2, 5, 7, 149111
List the prime factors of 142488024.
2, 3, 7, 848143
What are the prime factors of 22174185?
3, 5, 11, 23, 5843
List the prime factors of 2061624010.
2, 5, 206162401
What are the prime factors of 120515367?
3, 7, 5738827
What are the prime factors of 138572060?
2, 5, 11, 629873
List the prime factors of 1383563569.
53, 1213, 21521
What are the prime factors of 101319135?
3, 5, 37, 311, 587
What are the prime factors of 593851861?
73, 8134957
List the prime factors of 2606922885.
3, 5, 7, 17, 41, 179, 199
List the prime factors of 100423465.
5, 71, 457, 619
What are the prime factors of 241366173?
3, 197, 408403
List the prime factors of 452745529.
101, 439, 10211
What are the prime factors of 136922821?
7, 41, 349, 1367
List the prime factors of 45993052.
2, 7, 131, 12539
What are the prime factors of 121471666?
2, 37, 1641509
What are the prime factors of 321751441?
11, 439, 66629
What are the prime factors of 3664917920?
2, 5, 29, 283, 2791
List the prime factors of 43432235.
5, 7, 11, 97, 1163
What are the prime factors of 34085805?
3, 5, 13, 174799
List the prime factors of 416611768.
2, 52076471
List the prime factors of 2859354726.
2, 3, 19, 173, 144983
List the prime factors of 3235921553.
3235921553
List the prime factors of 89428310.
2, 5, 47, 149, 1277
List the prime factors of 2893126722.
2, 3, 1559, 309293
What are the prime factors of 43661811?
3, 73, 193, 1033
List the prime factors of 70414647.
3, 23471549
What are the prime factors of 2922836200?
2, 5, 14614181
List the prime factors of 788915945.
5, 599, 263411
What are the prime factors of 47556766?
2, 37, 337, 1907
List the prime factors of 67146747.
3, 113, 198073
List the prime factors of 17554011.
3, 5851337
List the prime factors of 128917587.
3, 42972529
List the pri